((-5096)/(-34) - 5) + 6/51?
5
Let u(p) = -45*p**3 - p. Let t be u(1). Let g = -10 - t. Let z = g - 8. What is the units digit of z?
8
Let u(r) = -3*r**2 - 87*r + 2. What is the hundreds digit of u(-27)?
1
Suppose -2*n + 6*n = 3044. What is the tens digit of n?
6
What is the units digit of 1065 + (-22 - (-13 - -2))?
4
Let u be 4/(-34) + 9233/17. Suppose 0 = 2*g + 4*o - 534, 4*g - u = 2*g - o. What is the units digit of g?
3
Suppose -5*z = -7598 + 168. What is the units digit of z?
6
Let c = 41 - 19. Let j = -21 + c. What is the units digit of 0 - j*(-1 + -6)?
7
Let c = 75 - 80. What is the units digit of (-1 - (-12)/3) + 38 + c?
6
Let f(x) = 72*x - 69*x + 16 + 0. Let r(i) = -i. Let y(o) = -f(o) - r(o). What is the units digit of y(-11)?
6
Suppose 4*k + 34 = 194. What is the tens digit of ((-368)/k)/(1/(-5))?
4
Let d = 1028 - 560. What is the units digit of d?
8
Suppose 0 = u - 4, -2405 = 3*l - 4*u - 10744. What is the thousands digit of l?
2
Suppose 0 = -3*x + 287 + 805. What is the units digit of x?
4
What is the thousands digit of 725*(664/120 - 3/9)?
3
Suppose -2*r + 4652 = -3*x, -5*x - 11647 = -5*r - 6*x. What is the tens digit of r?
2
Suppose 10*d - 8*d - 244 = 0. Suppose -5*y + 53 = 5*g - d, -2*y = -g + 20. What is the units digit of g?
0
Suppose -5 = -2*p - 13. Let v(c) be the third derivative of c**6/120 + c**5/15 - c**4/12 + c**3/6 - 29*c**2. What is the units digit of v(p)?
9
Let j(p) = -28*p**3 - p**2 - 2*p - 2. Suppose -u = -6*u - 25, 0 = -2*d - 5*u - 23. Let s be -3 + (2 - 0)/d. What is the units digit of j(s)?
7
Let u(s) = 3*s**2 + 2*s - 2. Let x be -3 - 7/((-21)/(-6)). Let q be u(x). Suppose -2*p - 5*t = -42, -3*p - t + q = 2*t. What is the tens digit of p?
2
Suppose 2*b + 1084 = 3*a, -3*a - 4*b = -68 - 1004. What is the units digit of a?
0
Suppose 4*g - 14*y + 15*y = 20448, 4*y - 15336 = -3*g. What is the tens digit of g?
1
Suppose -5*f + 58 = -42. What is the units digit of 27*-5*(-4)/f?
7
Let a(z) = -z**2 - 5*z + 13. What is the units digit of a(-6)?
7
Let d(u) = -15*u + 23. Let b(l) = 7*l - 12. Let c(x) = 11*b(x) + 6*d(x). What is the units digit of c(-5)?
1
Suppose -4*d = 4*r - 1212, -r = -3*r - 5*d + 603. Let h = 452 - r. What is the tens digit of h?
4
Let y(b) = b**2 - 6*b - 6. Let q be y(11). Let p = 135 - q. What is the tens digit of p?
8
Suppose -2*u = -a + 947, -3*a + 4*u + 3804 = a. What is the hundreds digit of a?
9
Let w = -23 + 14. What is the tens digit of w/2*((-490)/21 + -2)?
1
Let n(w) = 98*w - 277. What is the units digit of n(13)?
7
Suppose -s = 4*p - 5*p - 43, 0 = -3*p. Let c(x) = x**2 + 14*x - 7. Let d be c(-13). Let v = d + s. What is the tens digit of v?
2
Let b(k) = k**2 - 5*k + 3. Let h be b(5). Suppose -8 + 33 = 5*q + h*g, 5*g = -2*q + 10. Suppose -q*z = -64 - 91. What is the units digit of z?
1
What is the hundreds digit of (-3)/(84/(-5888)) + (-4)/14?
2
Suppose n + 3*k - 36 = 0, -4*n + 207 = 3*k + 45. Let q be ((-28)/n)/(1/(-3)). Suppose 5*f - 3*t = -7*t + 110, q*f + 3*t = 44. What is the tens digit of f?
2
Suppose 5*g + 5*b - 25 = 0, -3*g = b - 5*b - 50. What is the tens digit of 3/(15/334) + g/50?
6
Let u be 0 + 4 + (2 - 4). Let g(b) = u*b**2 - b - b**2 + 20 - 2*b**2. What is the tens digit of g(0)?
2
Let w = -82 - -383. What is the units digit of w?
1
Suppose 3*x - 6 - 3 = 4*i, 2*i = 3*x - 9. Suppose 4*r - 5*c - 3 = i, -3*r - 5*c + 21 = -25. What is the units digit of r?
7
Let b(x) = -x**3 + 15*x**2 - 26*x + 37. What is the hundreds digit of b(12)?
1
Let t = -285 - -862. What is the units digit of t?
7
Let o(k) = k**3 - 6*k**2 - 9*k - 1. What is the tens digit of o(10)?
0
Let u = -7 + 11. Suppose -3*j - m - 4 = -u*j, 16 = 4*j - m. Suppose 5*d + j*l - 78 = 0, 87 = 5*d - l + 2*l. What is the units digit of d?
8
Let b(q) be the third derivative of -q**6/60 - q**4/12 + 2*q**3/3 - 15*q**2. What is the tens digit of b(-3)?
6
Let z(n) = 15*n + 367. What is the hundreds digit of z(55)?
1
Let y(l) be the first derivative of -9*l**4/4 - 2*l**3/3 - 3*l**2 + 3*l + 47. What is the tens digit of y(-3)?
4
Let u = -25 - -43. Let d = 98 - 101. What is the units digit of 42/u + 1/d?
2
What is the units digit of (0 + (-1040 - 6))*1/(-2)?
3
Suppose 0*g - 5250 = -5*g. What is the tens digit of 1/(-2)*(-19)/(133/g)?
7
Suppose -t = n - 76, 0 = -2*n + 4*n - 2*t - 140. Suppose -259 = -4*o + n. What is the units digit of o?
3
Let s(r) = 3*r - 1. Let d be s(-7). What is the tens digit of (d/33)/((-4)/222)?
3
Let v(o) = -o**3 - 37*o**2 - 49*o - 3. What is the units digit of v(-36)?
5
Let f be (-100)/15*(-3)/2. Let w(y) = -y**3 + 12*y**2 + y - 7. Let p be w(f). Suppose 0 = -4*r + p + 25. What is the tens digit of r?
5
Let t(b) = -b - 6. Let f be t(-7). Let q be (f/((-3)/282))/(-2). Let x = q - 28. What is the units digit of x?
9
Suppose -5*k = -2*r - 1942, -2*k + 4*r = -4*k + 772. Suppose -f - 3*a + 47 = 0, 5*f = 4*a + k - 77. What is the units digit of f?
9
Suppose -60683 = 49*m - 169561. What is the thousands digit of m?
2
Let x(d) = 25*d**2 - d + 1. Let z be x(1). Suppose v + f = -0*f - 7, 3*v = -4*f - z. What is the units digit of v/(1 + 7/(-4))?
4
Suppose 0 = -6*y + 80 + 10. Let b be 9*-4*(-25)/y. Suppose -h + 2*i = -30, -2*h + i = -0*h - b. What is the tens digit of h?
3
Suppose 5*k + 384 = -16. Let t be 168/(-20)*k/6. Suppose -3*r + t = 2*w, 0 = 3*w - 3*r - 52 - 116. What is the units digit of w?
6
Let b = 24 + -13. Suppose -l = 2 - 10. Suppose -l*p = -b*p + 102. What is the tens digit of p?
3
Suppose 21*f + 8*f - 10179 = 0. What is the tens digit of f?
5
Let p(f) = f + 6. Let l be p(-2). Let r = 0 - -1. Let n = l - r. What is the units digit of n?
3
Let s be 2/18*-2 + (-235)/(-45). Suppose -536 = -4*y + 5*t - 2*t, 2*y - s*t - 254 = 0. What is the units digit of y?
7
Let z be (-453)/(-9)*-3*-1. Suppose 3*c = -5*p + z, -p = -c - 4*p + 49. What is the tens digit of c?
5
Suppose -10 - 8 = -3*x. Let s be (x + -5)*5*4. Suppose -7*z = -3*z - s. What is the units digit of z?
5
Suppose 4*i - 3*i - 2*a = 1332, 4*i = 4*a + 5320. Suppose 11*u + 470 - i = 0. What is the tens digit of u?
7
Let o(t) = t**3 + 8*t**2 - 3*t + 5. Let w be o(-6). Suppose -w = -l - 4*l. Let n = -7 + l. What is the tens digit of n?
1
Suppose -6*v + 12 = 6*v. What is the units digit of -4 - (-120 - -3 - v) - 2?
2
Suppose -2*c + 3*n + 473 = 0, 3*c - 316 = -5*n + 365. What is the units digit of c?
2
Let w(g) = -g**3 + 22*g**2 + 28*g - 21. What is the tens digit of w(16)?
6
Let n = -6 - 22. Let l = 33 + n. Suppose 0 = -2*j + l*j - 180. What is the tens digit of j?
6
Let f = 51 - 41. What is the units digit of 462/4 + f/4 + -4?
4
Let g(l) = -l**3 - 12*l**2 - 26*l - 119. What is the tens digit of g(-12)?
9
Suppose 7*z + 3 = 8*z. Suppose z*h = 81 + 15. What is the units digit of h?
2
Let x be ((-14)/(-8))/(-7) + (-698)/(-8). Let v = 105 - x. What is the tens digit of v?
1
Let a = -687 + 1340. What is the units digit of a?
3
Let a(h) = -h - 1. Let b(p) = 10. Let m(y) = -2*a(y) - b(y). Let i be m(6). Suppose 0 = -3*t + 4*o + 92, 4*t + i*o - 81 = o. What is the tens digit of t?
2
Let x = -191 + 286. Let o = -174 + x. Let s = o + 119. What is the units digit of s?
0
Suppose -3*r - 1214 = -b, 5*r = -b - 335 + 1525. What is the units digit of b?
5
Let r(o) = 79*o + 11. Let t be r(4). Suppose -5*z - t = -847. What is the units digit of z?
4
Let m(j) = -j**2 - 14*j + 46. Suppose 0 = 16*x - 96 + 304. What is the tens digit of m(x)?
5
Let f(j) be the second derivative of 17*j**4/4 + j**3/6 + j**2/2 - 4*j. What is the tens digit of f(-1)?
5
Let c be 0 + -4 + -2 + 8. Suppose 15 = -c*j - 9. What is the units digit of (468/j)/(0 + -1)?
9
Let l(q) = -3*q - 19. Let h be l(-8). Suppose -h*t = -21 - 4. Let f = 41 - t. What is the units digit of f?
6
Suppose 0 = 17*l - 11*l - 318. What is the tens digit of l?
5
Let w = -66 - -99. Suppose 4*p - 5 = -2*v + w, 4*v = -2*p + 34. Suppose p*c - 160 = 2*c. What is the units digit of c?
2
Let m(j) be the third derivative of j**4/2 - j**3/6 + 5*j**2. Let n be (2 - (-6)/3) + -2. What is the units digit of m(n)?
3
Let p = -94 - -496. Suppose -4*x + x + p = 0. What is the units digit of x?
4
Let k = -112 - -21. What is the tens digit of (-14)/k + 544/13?
4
Let h(p) = 4*p**2 - 6*p + 2. Let t(r) = -r**2 + r - 1. Let c(w) = -h(w) - 5*t(w). Le